{"id":135,"date":"2026-03-14T02:30:21","date_gmt":"2026-03-14T02:30:21","guid":{"rendered":"https:\/\/safelywhisper.com\/?page_id=135"},"modified":"2026-03-14T02:30:21","modified_gmt":"2026-03-14T02:30:21","slug":"perguntas-frequentes","status":"publish","type":"page","link":"https:\/\/safelywhisper.com\/?page_id=135","title":{"rendered":"Perguntas Frequentes"},"content":{"rendered":"\n\n\n\n\n\n\n\n\n<p [object NamedNodeMap]><span style=\"font-weight: normal;\">O Safely Whisper \u00e9 uma plataforma digital que permite \u00e0s organiza\u00e7\u00f5es disponibilizar canais seguros de comunica\u00e7\u00e3o para a rece\u00e7\u00e3o de den\u00fancias, sugest\u00f5es, elogios e pedidos relacionados com prote\u00e7\u00e3o de dados.<\/span><\/p>\n\n\n\n<p [object NamedNodeMap]><span style=\"font-weight: normal;\">A plataforma foi concebida para promover a transpar\u00eancia e apoiar os organiza\u00e7\u00f5es na gest\u00e3o estruturada de comunica\u00e7\u00f5es sens\u00edveis.<\/span><\/p>\n\n\n\n\n\n\n\n\n\n<p [object NamedNodeMap]><span style=\"font-weight: normal;\">O Safely Whisper \u00e9 uma solu\u00e7\u00e3o adapt\u00e1vel a organiza\u00e7\u00f5es p\u00fablicas e privadas de diferentes dimens\u00f5es e setores de atividade.<\/span><\/p>\n\n\n\n\n\n\n\n\n\n<p [object NamedNodeMap]><span style=\"font-weight: normal;\">Sim. Sempre que permitido pela legisla\u00e7\u00e3o aplic\u00e1vel e pela configura\u00e7\u00e3o definida pela organiza\u00e7\u00e3o, a plataforma permite a apresenta\u00e7\u00e3o de den\u00fancias de forma an\u00f3nima.<\/span><\/p>\n\n\n\n\n\n\n\n\n\n<p [object NamedNodeMap]><span style=\"font-weight: normal;\">Sim. A confidencialidade da informa\u00e7\u00e3o e a prote\u00e7\u00e3o da identidade do denunciante s\u00e3o princ\u00edpios fundamentais do funcionamento da plataforma.<\/span><\/p>\n\n\n\n<p [object NamedNodeMap]><span style=\"font-weight: normal;\">As comunica\u00e7\u00f5es recebidas s\u00e3o tratadas apenas pelas pessoas respons\u00e1veis designadas pela organiza\u00e7\u00e3o.<\/span><\/p>\n\n\n\n\n\n\n\n\n\n<p [object NamedNodeMap]><span style=\"font-weight: normal;\">Ap\u00f3s a submiss\u00e3o, a comunica\u00e7\u00e3o \u00e9 registada na plataforma e encaminhada para a \u00e1rea respons\u00e1vel pela sua an\u00e1lise.<\/span><\/p>\n\n\n\n<p [object NamedNodeMap]><span style=\"font-weight: normal;\">Dependendo do tipo de comunica\u00e7\u00e3o e da informa\u00e7\u00e3o fornecida, poder\u00e3o ser realizadas dilig\u00eancias adicionais para avaliar a sua situa\u00e7\u00e3o.<\/span><\/p>\n\n\n\n\n\n\n\n\n\n<p [object NamedNodeMap]>Ap\u00f3s a submiss\u00e3o da comunica\u00e7\u00e3o \u00e9 gerado um c\u00f3digo\u00a0 de acompanhamento que permite consultador o estado do processo.<\/p>\n\n\n\n\n\n\n\n\n\n<p [object NamedNodeMap]><span style=\"font-weight: normal;\">Sim. A plataforma permite anexar documentos ou outros elementos que possam ajudar a esclarecer a situa\u00e7\u00e3o comunicada.<\/span><\/p>\n\n\n\n\n\n\n\n\n\n<p [object NamedNodeMap]><span style=\"font-weight: normal;\">A plataforma foi concebida tendo em considera\u00e7\u00e3o boas pr\u00e1ticas internacionais e requisitos legais associados \u00e0 prote\u00e7\u00e3o de denunciantes e \u00e0 prote\u00e7\u00e3o de dados pessoais.<\/span><\/p>\n\n\n\n\n\n\n","protected":false},"excerpt":{"rendered":"","protected":false},"author":1,"featured_media":0,"parent":0,"menu_order":0,"comment_status":"closed","ping_status":"closed","template":"","meta":{"pagelayer_contact_templates":[],"_pagelayer_content":"","footnotes":""},"class_list":["post-135","page","type-page","status-publish","hentry"],"_links":{"self":[{"href":"https:\/\/safelywhisper.com\/index.php?rest_route=\/wp\/v2\/pages\/135","targetHints":{"allow":["GET"]}}],"collection":[{"href":"https:\/\/safelywhisper.com\/index.php?rest_route=\/wp\/v2\/pages"}],"about":[{"href":"https:\/\/safelywhisper.com\/index.php?rest_route=\/wp\/v2\/types\/page"}],"author":[{"embeddable":true,"href":"https:\/\/safelywhisper.com\/index.php?rest_route=\/wp\/v2\/users\/1"}],"replies":[{"embeddable":true,"href":"https:\/\/safelywhisper.com\/index.php?rest_route=%2Fwp%2Fv2%2Fcomments&post=135"}],"version-history":[{"count":6,"href":"https:\/\/safelywhisper.com\/index.php?rest_route=\/wp\/v2\/pages\/135\/revisions"}],"predecessor-version":[{"id":143,"href":"https:\/\/safelywhisper.com\/index.php?rest_route=\/wp\/v2\/pages\/135\/revisions\/143"}],"wp:attachment":[{"href":"https:\/\/safelywhisper.com\/index.php?rest_route=%2Fwp%2Fv2%2Fmedia&parent=135"}],"curies":[{"name":"wp","href":"https:\/\/api.w.org\/{rel}","templated":true}]}}